{"id":1350,"date":"2016-11-19T22:16:25","date_gmt":"2016-11-19T22:16:25","guid":{"rendered":"http:\/\/dpsniemojowice.pl\/2021\/?page_id=1350"},"modified":"2016-11-19T22:16:25","modified_gmt":"2016-11-19T22:16:25","slug":"o-nas","status":"publish","type":"page","link":"https:\/\/dpsniemojowice.pl\/2021\/o-nas\/","title":{"rendered":"O nas &#8230;"},"content":{"rendered":"<p style=\"text-align: justify;\"><strong>Terapia zaj\u0119ciowa<\/strong> jest form\u0105 aktywizacji os\u00f3b, kt\u00f3rej g\u0142\u00f3wnym celem jest podnoszenie ich sprawno\u015bci za pomoc\u0105 konkretnych zaj\u0119\u0107, czynno\u015bci i pracy. W toku terapii zaj\u0119ciowej osoby wykonuj\u0105 po\u017cyteczne, zorganizowane czynno\u015bci maj\u0105ce podtrzyma\u0107 ich aktywno\u015b\u0107, odwraca\u0107 uwag\u0119 od niepokoj\u0105cych my\u015bli i wyobra\u017ani, przywraca\u0107 utracon\u0105 sprawno\u015b\u0107, dodawa\u0107 wiary we w\u0142asne mo\u017cliwo\u015bci, podnosi\u0107 samoocen\u0119, a poprzez wykonywanie stopniowo (zgodnie z indywidualnymi mo\u017cliwo\u015bciami) bardziej z\u0142o\u017conych czynno\u015bci terapia zaj\u0119ciowa ma za zadanie zwi\u0119ksza\u0107 samodzielno\u015b\u0107 os\u00f3b.<\/p>\n<p style=\"text-align: justify;\">W naszym Domu, opr\u00f3cz ju\u017c istniej\u0105cych, rozwin\u0119li\u015bmy szereg r\u00f3\u017cnorodnych form terapeutycznych, aby ka\u017cdy m\u00f3g\u0142 wybra\u0107 sobie taki rodzaj zaj\u0119\u0107, kt\u00f3ry najbardziej b\u0119dzie mu si\u0119 podoba\u0142, odpowiada\u0142,\u00a0 sprawia\u0142 przyjemno\u015b\u0107, a jednocze\u015bnie sprzyja\u0142 osi\u0105ganiu jak najlepszych efekt\u00f3w terapeutycznych. Nad realizacj\u0105 tych zaj\u0119\u0107 czuwaj\u0105 terapeuci zaj\u0119ciowi, fizjoterapeuci oraz opiekunki.<\/p>\n<p style=\"text-align: justify;\">Opr\u00f3cz zaj\u0119\u0107, g\u0142\u00f3wnie plastycznych oraz ergoterapii, odbywaj\u0105cych si\u0119 w sali terapii zaj\u0119ciowej, codziennie organizowane s\u0105 inne formy terapii zaj\u0119ciowej.<\/p>\n<p style=\"text-align: justify;\">Nale\u017c\u0105 do nich:<\/p>\n<p style=\"text-align: justify;\"><b>*Zaj\u0119cia kulinarne<\/b><\/p>\n<p style=\"text-align: justify;\">Podczas tych zaj\u0119\u0107 realizowane s\u0105 zami\u0142owania kulinarne. Mieszka\u0144cy nie skupiaj\u0105 si\u0119 tylko na gotowaniu, pieczeniu i przygotowywaniu r\u00f3\u017cnorakich potraw. Poprzez udzia\u0142 w zaj\u0119ciach\u00a0 poznaj\u0105 zasady higieny, zaznajamiaj\u0105 si\u0119 z obs\u0142ug\u0105 sprz\u0119t\u00f3w AGD, poznaj\u0105 zasady zdrowego \u017cywienia, wp\u0142ywu diet na popraw\u0119 zdrowia.<\/p>\n<p style=\"text-align: justify;\">            \n\t\t<div class=\"ngg-gallery-singlepic-image \" style=\"\">\n\t\t\t    \t<a href=\"https:\/\/dpsniemojowice.pl\/2021\/wp-content\/gallery\/zajecia\/k-1.jpg\"\n\t\t     title=\"\"\n             data-src=\"https:\/\/dpsniemojowice.pl\/2021\/wp-content\/gallery\/zajecia\/k-1.jpg\"\n             data-thumbnail=\"https:\/\/dpsniemojowice.pl\/2021\/wp-content\/gallery\/zajecia\/thumbs\/thumbs_k-1.jpg\"\n             data-image-id=\"556\"\n             data-title=\"k-1\"\n             data-description=\"\"\n             target='_self'\n             class=\"shutterset_816a4ac5da218b3aabe00f2a2f36839e\">\n            <img class=\"ngg-singlepic\"\n             src=\"https:\/\/dpsniemojowice.pl\/2021\/nextgen-image\/556\/0x0x100\/d6dd6ae9b2c57ab363a23c5af9f0044d\"\n             alt=\"k-1\"\n             title=\"k-1\"\n                           \/>\n    \t<\/a>\n\t\t      <\/div>\n        <\/p>\n<p style=\"text-align: justify;\"><b>*Biblioterapia<\/b><\/p>\n<p style=\"text-align: justify;\">Wykorzystuje ona\u00a0 ksi\u0105\u017cki, czasopisma oraz inne materia\u0142y drukowane do zmian w obr\u0119bie zachowania i my\u015blenia okre\u015blonych jednostek. Celem tej formy terapeutycznej jest budowanie lepszej samooceny, zwi\u0119kszania wiary we w\u0142asne si\u0142y i przezwyci\u0119\u017canie zahamowa\u0144. Podczas zaj\u0119\u0107 przygotowywane s\u0105 przedstawienia na r\u00f3\u017cnorodne okoliczno\u015bci, czytane i omawiane wybrane fragmenty ksi\u0105\u017cek, wierszy i bajek.<\/p>\n<p style=\"text-align: justify;\">            \n\t\t<div class=\"ngg-gallery-singlepic-image \" style=\"\">\n\t\t\t    \t<a href=\"https:\/\/dpsniemojowice.pl\/2021\/wp-content\/gallery\/zajecia\/b-1.jpg\"\n\t\t     title=\"\"\n             data-src=\"https:\/\/dpsniemojowice.pl\/2021\/wp-content\/gallery\/zajecia\/b-1.jpg\"\n             data-thumbnail=\"https:\/\/dpsniemojowice.pl\/2021\/wp-content\/gallery\/zajecia\/thumbs\/thumbs_b-1.jpg\"\n             data-image-id=\"555\"\n             data-title=\"b-1\"\n             data-description=\"\"\n             target='_self'\n             class=\"shutterset_2bb856d2ce438837d08cb2037c83ecb6\">\n            <img class=\"ngg-singlepic\"\n             src=\"https:\/\/dpsniemojowice.pl\/2021\/nextgen-image\/555\/0x0x100\/a5d1c9da4514bf9954bfa12b9b48ba0d\"\n             alt=\"b-1\"\n             title=\"b-1\"\n                           \/>\n    \t<\/a>\n\t\t      <\/div>\n        <\/p>\n<p style=\"text-align: justify;\"><b>*Ruch to zdrowie<\/b><\/p>\n<p style=\"text-align: justify;\">Jest on kolejn\u0105 form\u0105 sp\u0119dzania wolnego czasu. Fizjoterapeuci przygotowuj\u0105 r\u00f3\u017cnorodne gry i zabawy ruchowe, motywuj\u0105 do gry w tenisa sto\u0142owego i u\u015bwiadamiaj\u0105 jak wa\u017cny jest aktywny tryb \u017cycia.<\/p>\n<p style=\"text-align: justify;\">            \n\t\t<div class=\"ngg-gallery-singlepic-image \" style=\"\">\n\t\t\t    \t<a href=\"https:\/\/dpsniemojowice.pl\/2021\/wp-content\/gallery\/zajecia\/r-1.jpg\"\n\t\t     title=\"\"\n             data-src=\"https:\/\/dpsniemojowice.pl\/2021\/wp-content\/gallery\/zajecia\/r-1.jpg\"\n             data-thumbnail=\"https:\/\/dpsniemojowice.pl\/2021\/wp-content\/gallery\/zajecia\/thumbs\/thumbs_r-1.jpg\"\n             data-image-id=\"561\"\n             data-title=\"r-1\"\n             data-description=\"\"\n             target='_self'\n             class=\"shutterset_21d99155a65896ba79b24e49f1135cc3\">\n            <img class=\"ngg-singlepic\"\n             src=\"https:\/\/dpsniemojowice.pl\/2021\/nextgen-image\/561\/0x0x100\/35ad80db235561b34d535554f0d0186d\"\n             alt=\"r-1\"\n             title=\"r-1\"\n                           \/>\n    \t<\/a>\n\t\t      <\/div>\n        <\/p>\n<p style=\"text-align: justify;\">            \n\t\t<div class=\"ngg-gallery-singlepic-image \" style=\"\">\n\t\t\t    \t<a href=\"https:\/\/dpsniemojowice.pl\/2021\/wp-content\/gallery\/zajecia\/r-2.jpg\"\n\t\t     title=\"\"\n             data-src=\"https:\/\/dpsniemojowice.pl\/2021\/wp-content\/gallery\/zajecia\/r-2.jpg\"\n             data-thumbnail=\"https:\/\/dpsniemojowice.pl\/2021\/wp-content\/gallery\/zajecia\/thumbs\/thumbs_r-2.jpg\"\n             data-image-id=\"562\"\n             data-title=\"r-2\"\n             data-description=\"\"\n             target='_self'\n             class=\"shutterset_ad0e4a534b36020d2a775b611350bfe1\">\n            <img class=\"ngg-singlepic\"\n             src=\"https:\/\/dpsniemojowice.pl\/2021\/nextgen-image\/562\/0x0x100\/5b23929d3a4c1ca06402165e9060a476\"\n             alt=\"r-2\"\n             title=\"r-2\"\n                           \/>\n    \t<\/a>\n\t\t      <\/div>\n        <\/p>\n<p style=\"text-align: justify;\">            \n\t\t<div class=\"ngg-gallery-singlepic-image \" style=\"\">\n\t\t\t    \t<a href=\"https:\/\/dpsniemojowice.pl\/2021\/wp-content\/gallery\/zajecia\/r-3.jpg\"\n\t\t     title=\"\"\n             data-src=\"https:\/\/dpsniemojowice.pl\/2021\/wp-content\/gallery\/zajecia\/r-3.jpg\"\n             data-thumbnail=\"https:\/\/dpsniemojowice.pl\/2021\/wp-content\/gallery\/zajecia\/thumbs\/thumbs_r-3.jpg\"\n             data-image-id=\"563\"\n             data-title=\"r-3\"\n             data-description=\"\"\n             target='_self'\n             class=\"shutterset_c455f54f859cfab7370ff3f4899aa790\">\n            <img class=\"ngg-singlepic\"\n             src=\"https:\/\/dpsniemojowice.pl\/2021\/nextgen-image\/563\/0x0x100\/346ef00a5944596ff8fd4a7b740ebac1\"\n             alt=\"r-3\"\n             title=\"r-3\"\n                           \/>\n    \t<\/a>\n\t\t      <\/div>\n        <\/p>\n<p style=\"text-align: justify;\"><b>*Filmoterapia<\/b><\/p>\n<p style=\"text-align: justify;\">W czwartki Mieszka\u0144cy maj\u0105 mo\u017cliwo\u015b\u0107 obejrzenia ulubionych oraz nowych film\u00f3w o r\u00f3\u017cnej tematyce oraz wymieni\u0107 zdania na ich temat.<\/p>\n<p style=\"text-align: justify;\"><b>*Muzykoterapia<\/b><\/p>\n<p style=\"text-align: justify;\">Podczas zaj\u0119\u0107 muzykoterapii, gdzie wykorzystuje si\u0119 muzyk\u0119 lub jej elementy w celu przywracania zdrowia oraz poprawy funkcjonowania os\u00f3b z r\u00f3\u017cnorodnymi problemami natury emocjonalnej, fizycznej lub umys\u0142owej, ka\u017cdy mo\u017ce wyrazi\u0107 siebie. Mieszka\u0144cy ta\u0144cz\u0105, \u015bpiewaj\u0105, graj\u0105 na instrumentach Orffa, s\u0142uchaj\u0105 muzyki a tak\u017ce bior\u0105 udzia\u0142 w zabawach muzyczno-ruchowych.<\/p>\n<p style=\"text-align: justify;\">            \n\t\t<div class=\"ngg-gallery-singlepic-image \" style=\"\">\n\t\t\t    \t<a href=\"https:\/\/dpsniemojowice.pl\/2021\/wp-content\/gallery\/zajecia\/m-1.jpg\"\n\t\t     title=\"\"\n             data-src=\"https:\/\/dpsniemojowice.pl\/2021\/wp-content\/gallery\/zajecia\/m-1.jpg\"\n             data-thumbnail=\"https:\/\/dpsniemojowice.pl\/2021\/wp-content\/gallery\/zajecia\/thumbs\/thumbs_m-1.jpg\"\n             data-image-id=\"558\"\n             data-title=\"m-1\"\n             data-description=\"\"\n             target='_self'\n             class=\"shutterset_4c9c5c38a1582774b16b5d0adc5f53c9\">\n            <img class=\"ngg-singlepic\"\n             src=\"https:\/\/dpsniemojowice.pl\/2021\/nextgen-image\/558\/0x0x100\/cf5fedc57df6c2e767113cf58b8f138c\"\n             alt=\"m-1\"\n             title=\"m-1\"\n                           \/>\n    \t<\/a>\n\t\t      <\/div>\n        <\/p>\n<p style=\"text-align: justify;\">            \n\t\t<div class=\"ngg-gallery-singlepic-image \" style=\"\">\n\t\t\t    \t<a href=\"https:\/\/dpsniemojowice.pl\/2021\/wp-content\/gallery\/zajecia\/m-2.jpg\"\n\t\t     title=\"\"\n             data-src=\"https:\/\/dpsniemojowice.pl\/2021\/wp-content\/gallery\/zajecia\/m-2.jpg\"\n             data-thumbnail=\"https:\/\/dpsniemojowice.pl\/2021\/wp-content\/gallery\/zajecia\/thumbs\/thumbs_m-2.jpg\"\n             data-image-id=\"559\"\n             data-title=\"m-2\"\n             data-description=\"\"\n             target='_self'\n             class=\"shutterset_712a56770b466908b957054e1acae593\">\n            <img class=\"ngg-singlepic\"\n             src=\"https:\/\/dpsniemojowice.pl\/2021\/nextgen-image\/559\/0x0x100\/0e855b011ad12337d1509d0c713b5336\"\n             alt=\"m-2\"\n             title=\"m-2\"\n                           \/>\n    \t<\/a>\n\t\t      <\/div>\n        <\/p>\n<p style=\"text-align: justify;\">            \n\t\t<div class=\"ngg-gallery-singlepic-image \" style=\"\">\n\t\t\t    \t<a href=\"https:\/\/dpsniemojowice.pl\/2021\/wp-content\/gallery\/zajecia\/m-3.jpg\"\n\t\t     title=\"\"\n             data-src=\"https:\/\/dpsniemojowice.pl\/2021\/wp-content\/gallery\/zajecia\/m-3.jpg\"\n             data-thumbnail=\"https:\/\/dpsniemojowice.pl\/2021\/wp-content\/gallery\/zajecia\/thumbs\/thumbs_m-3.jpg\"\n             data-image-id=\"560\"\n             data-title=\"m-3\"\n             data-description=\"\"\n             target='_self'\n             class=\"shutterset_d3abf8b646685d90838691266f2d8afd\">\n            <img class=\"ngg-singlepic\"\n             src=\"https:\/\/dpsniemojowice.pl\/2021\/nextgen-image\/560\/0x0x100\/c646cbd7e81d03dfabd5766bf470c2e8\"\n             alt=\"m-3\"\n             title=\"m-3\"\n                           \/>\n    \t<\/a>\n\t\t      <\/div>\n        <\/p>\n<p style=\"text-align: justify;\">            \n\t\t<div class=\"ngg-gallery-singlepic-image \" style=\"\">\n\t\t\t    \t<a href=\"https:\/\/dpsniemojowice.pl\/2021\/wp-content\/gallery\/zajecia\/m-4.jpg\"\n\t\t     title=\"\"\n             data-src=\"https:\/\/dpsniemojowice.pl\/2021\/wp-content\/gallery\/zajecia\/m-4.jpg\"\n             data-thumbnail=\"https:\/\/dpsniemojowice.pl\/2021\/wp-content\/gallery\/zajecia\/thumbs\/thumbs_m-4.jpg\"\n             data-image-id=\"564\"\n             data-title=\"m-4\"\n             data-description=\"\"\n             target='_self'\n             class=\"shutterset_ad5970bb92864176046e8ba606aba745\">\n            <img class=\"ngg-singlepic\"\n             src=\"https:\/\/dpsniemojowice.pl\/2021\/nextgen-image\/564\/0x0x100\/6956d7fd41fb733837c343638cdad644\"\n             alt=\"m-4\"\n             title=\"m-4\"\n                           \/>\n    \t<\/a>\n\t\t      <\/div>\n        <\/p>\n","protected":false},"excerpt":{"rendered":"<p>Terapia zaj\u0119ciowa jest form\u0105 aktywizacji os\u00f3b, kt\u00f3rej g\u0142\u00f3wnym celem jest podnoszenie ich sprawno\u015bci za pomoc\u0105 konkretnych zaj\u0119\u0107, czynno\u015bci i pracy. W toku terapii zaj\u0119ciowej osoby wykonuj\u0105 po\u017cyteczne, zorganizowane czynno\u015bci maj\u0105ce podtrzyma\u0107 ich aktywno\u015b\u0107, odwraca\u0107 uwag\u0119 od niepokoj\u0105cych my\u015bli i wyobra\u017ani, przywraca\u0107 utracon\u0105 sprawno\u015b\u0107, dodawa\u0107 wiary we w\u0142asne mo\u017cliwo\u015bci, podnosi\u0107 samoocen\u0119, a poprzez wykonywanie stopniowo (zgodnie [&hellip;]<\/p>\n","protected":false},"author":1,"featured_media":0,"parent":0,"menu_order":0,"comment_status":"open","ping_status":"open","template":"","meta":{"ngg_post_thumbnail":0},"_links":{"self":[{"href":"https:\/\/dpsniemojowice.pl\/2021\/wp-json\/wp\/v2\/pages\/1350"}],"collection":[{"href":"https:\/\/dpsniemojowice.pl\/2021\/wp-json\/wp\/v2\/pages"}],"about":[{"href":"https:\/\/dpsniemojowice.pl\/2021\/wp-json\/wp\/v2\/types\/page"}],"author":[{"embeddable":true,"href":"https:\/\/dpsniemojowice.pl\/2021\/wp-json\/wp\/v2\/users\/1"}],"replies":[{"embeddable":true,"href":"https:\/\/dpsniemojowice.pl\/2021\/wp-json\/wp\/v2\/comments?post=1350"}],"version-history":[{"count":1,"href":"https:\/\/dpsniemojowice.pl\/2021\/wp-json\/wp\/v2\/pages\/1350\/revisions"}],"predecessor-version":[{"id":1362,"href":"https:\/\/dpsniemojowice.pl\/2021\/wp-json\/wp\/v2\/pages\/1350\/revisions\/1362"}],"wp:attachment":[{"href":"https:\/\/dpsniemojowice.pl\/2021\/wp-json\/wp\/v2\/media?parent=1350"}],"curies":[{"name":"wp","href":"https:\/\/api.w.org\/{rel}","templated":true}]}}