{"id":2211,"date":"2019-09-06T08:43:54","date_gmt":"2019-09-06T08:43:54","guid":{"rendered":"http:\/\/dpsniemojowice.pl\/2021\/?page_id=2211"},"modified":"2020-01-02T14:24:37","modified_gmt":"2020-01-02T14:24:37","slug":"dps-niemojowice-11-wrzesien-2019","status":"publish","type":"page","link":"https:\/\/dpsniemojowice.pl\/2021\/dps-niemojowice-11-wrzesien-2019\/","title":{"rendered":"DPS NIEMOJOWICE 11 WRZESIE\u0143 2019"},"content":{"rendered":"<p align=\"center\"><span style=\"color: #000000;\"><b>KLAUZULA INFORMACYJNA<br \/>\nDOTYCZ\u0104CA PRZETWARZANIA DANYCH OSOBOWYCH<br \/>\nDLA UCZESTNIKO\u0301W IMPREZY INTEGRACYJNEJ<br \/>\n\u201eDPS NIEMOJOWICE 11 WRZESIE\u0143 2019\u201d<\/b><\/span><\/p>\n<p style=\"text-align: justify;\"><span style=\"color: #000000;\">Zgodnie z art. 13 ust. 1 i 2 Rozporz\u0105dzenia Parlamentu Europejskiego i Rady (UE) 2016\/679 z dnia 27 kwietnia 2016 r. w sprawie ochrony os\u00f3b fizycznych w zwi\u0105zku z przetwarzaniem danych osobowych i w sprawie swobodnego przep\u0142ywu takich danych oraz uchylenia dyrektywy 95\/46\/WE (Dz. Urz. UE L 119\/1 z 04.05.2016 r.), dalej jako \u201eRODO\u201d, informuje\u0328, z\u0307e:<\/span><\/p>\n<p style=\"text-align: justify;\"><span style=\"color: #000000;\">a)\u00a0\u00a0\u00a0\u00a0\u00a0 Administratorem danych osobowych Uczestnik\u00f3w, Organizatorem Imprezy\u00a0 jest Dom Pomocy Spo\u0142ecznej w Niemojowicach z siedzib\u0105 przy Niemojowice 68, 26-330 \u017barn\u00f3w, woj. \u0142\u00f3dzkie reprezentowana przez Dyrektora.<\/span><\/p>\n<p style=\"text-align: justify;\"><span style=\"color: #000000;\">b)\u00a0\u00a0\u00a0\u00a0\u00a0 Uczestnikiem jest ka\u017cda osoba fizyczna, kt\u00f3ra bierze udzia\u0142 w Imprezie, zapisze si\u0119 na list\u0119 os\u00f3b bior\u0105cych udzia\u0142 w przygotowanych konkursach, grach zr\u0119czno\u015bciowych, quizach (zwana dalej \u201eUczestnikiem\u201d).<\/span><\/p>\n<p style=\"text-align: justify;\"><span style=\"color: #000000;\">c)\u00a0\u00a0\u00a0\u00a0\u00a0 Inspektorem Ochrony Danych Osobowych w Poradni Psychologiczno-Pedagogicznej w Opocznie; jest Pani Anna Ka\u017amierczyk,\u00a0 <span style=\"color: #000000;\">iod@dpsniemojowice.pl<\/span>, +48\u00a0501 387 980<\/span><\/p>\n<p style=\"text-align: justify;\"><span style=\"color: #000000;\">Przebieg Imprezy Integracyjnej, w tym wizerunek os\u00f3b w niej uczestnicz\u0105cych, b\u0119dzie utrwalany za pomoc\u0105\u0328 urz\u0105dze\u0144\u0301 rejestruj\u0105cych obraz.<\/span><\/p>\n<p style=\"text-align: justify;\"><span style=\"color: #000000;\">Bior\u0105c udzia\u0142 w Programie <b>\u201eImpreza Integracyjna DPS NIEMOJOWICE\u201d <\/b>Uczestnik przyjmuje do wiadomo\u015bci wykorzystanie, w tym rozpowszechnianie przez Dom Pomocy Spo\u0142ecznej w Niemojowicach jego wizerunku, utrwalonego w trakcie Wydarzenia za pomoc\u0105\u0328 urz\u0105dze\u0144\u0301 rejestruj\u0105cych obraz i d\u017awi\u0119k, poprzez jego publikacje\u0328 w ca\u0142o\u015bci lub we fragmentach na:<\/span><\/p>\n<p style=\"text-align: justify;\"><span style=\"color: #000000;\"><b>&#8211; \u00a0stronie internetowej\u00a0 <\/b><a href=\"http:\/\/dpsniemojowice.pl\/2021\"><span style=\"color: #000000;\"><b>www.dpsniemojowice.pl<\/b><\/span><\/a><\/span><\/p>\n<p style=\"text-align: justify;\"><span style=\"color: #000000;\"><b>&#8211; <\/b><b>profilach spo\u0142eczno\u015bciowych Facebook DPS Drzewica<\/b><\/span><\/p>\n<p style=\"text-align: justify;\"><span style=\"color: #000000;\">Dane osobowe Uczestnik\u00f3w w postaci wizerunku przetwarzane b\u0119d\u0105\u0328 w celu informowania w mediach oraz publikacjach o dzia\u0142alno\u015bci Administratora, na podstawie:<\/span><\/p>\n<p style=\"text-align: justify;\"><span style=\"color: #000000;\">&#8211; art. 6 ust. 1 lit. a RODO, tj. zgody wyra\u017conej ch\u0119ci\u0105 uczestnictwa w Imprezie po zapoznaniu si\u0119 z przygotowan\u0105 klauzul\u0105 informacyjn\u0105 i warunkach udzia\u0142u.<\/span><\/p>\n<p style=\"text-align: justify;\"><span style=\"color: #000000;\">Zgodnie z definicj\u0105 danych osobowych zawart\u0105 w RODO, wizerunek jest uznawany za dane osobowe, dlatego te\u017c podlega ochronie na zasadach zawartych w tym akcie. Ponadto w oparciu o art. 81 ust. 2 ustawy o prawie autorskim zezwolenia nie wymaga rozpowszechnianie wizerunku:<\/span><\/p>\n<p style=\"text-align: justify;\"><span style=\"color: #000000;\">&#8211; osoby powszechnie znanej, je\u017celi wizerunek wykonano w zwi\u0105zku z pe\u0142nieniem przez ni\u0105 funkcji publicznych, w szczeg\u00f3lno\u015bci politycznych, spo\u0142ecznych, zawodowych (np. dyrektor, kierownik);<\/span><\/p>\n<p style=\"text-align: justify;\"><span style=\"color: #000000;\">&#8211; osoby stanowi\u0105cej jedynie szczeg\u00f3\u0142 ca\u0142o\u015bci takiej jak zgromadzenie, krajobraz, publiczna impreza;<\/span><\/p>\n<p style=\"text-align: justify;\"><span style=\"color: #000000;\">&#8211; os\u00f3b uczestnicz\u0105cych w zgromadzeniu \u2013 zgrupowaniu co najmniej 15 os\u00f3b zwo\u0142anym w celu wsp\u00f3lnych obrad lub wsp\u00f3lnego wyra\u017cenia stanowiska;<\/span><\/p>\n<p style=\"text-align: justify;\"><span style=\"color: #000000;\">&#8211; os\u00f3b bior\u0105cych udzia\u0142 w imprezie masowej \u2013 nie mniej ni\u017c 1000 os\u00f3b w terenie otwartym i 300 os\u00f3b w obiekcie.<\/span><\/p>\n<p style=\"text-align: justify;\"><span style=\"color: #000000;\">Dane osobowe Uczestnik\u00f3w bior\u0105cych czynny udzia\u0142 w Imprezie obejmuj\u0105 dodatkowo:<\/span><span style=\"color: #000000;\"><b><b> imi\u0119, nazwisko na listach uczestnik\u00f3w konkurs\u00f3w.<\/b><\/b> <\/span><\/p>\n<p style=\"text-align: justify;\"><span style=\"color: #000000;\">Odbiorcami danych osobowych b\u0119d\u0105\u0328 podmioty uprawnione do uzyskania danych osobowych na podstawie odr\u0119bnych przepis\u00f3w prawa, upowa\u017cnieni pracownicy\/wsp\u00f3\u0142pracownicy Administratora, dostawcy us\u0142ug technicznych\u00a0 i organizacyjnych, oraz podmioty, kt\u00f3rym Administrator powierzy\u0142 przetwarzanie danych osobowych \u2013 z zachowaniem wszelkich gwarancji zapewniaj\u0105cych bezpiecze\u0144stwo przekazywanych danych;<\/span><\/p>\n<p style=\"text-align: justify;\"><span style=\"color: #000000;\">Dane osobowe Uczestnik\u00f3w w postaci wizerunku nie b\u0119d\u0105\u0328 przekazywane do pa\u0144stw trzecich spoza Europejskiego Obszaru Gospodarczego;<\/span><\/p>\n<p style=\"text-align: justify;\"><span style=\"color: #000000;\">Dane osobowe Uczestnik\u00f3w przechowywane b\u0119d\u0105 zgodnie z procedurami archiwalnymi DPS NIEMOJOWICE, w tym przetwarzane b\u0119d\u0105 tylko w czasie trwania Wydarzenia \u00a0\u201eIMPREZY INTEGRACYJNEJ &#8211; DPS NIEMOJOWICE 11 WRZESIE\u0143 2019\u201d.<\/span><\/p>\n<p style=\"text-align: justify;\"><span style=\"color: #000000;\">Uczestnicy posiadaj\u0105\u0328 prawo dost\u0119pu do tre\u015bci swoich danych oraz prawo ich sprostowania, ograniczenia przetwarzania, prawo wniesienia sprzeciwu do przetwarzania danych<\/span><\/p>\n<p style=\"text-align: justify;\"><span style=\"color: #000000;\">Uczestnikom przys\u0142uguje prawo wniesienia skargi do organu nadzorczego \u2013 Prezesa Urz\u0119du Ochrony Danych Osobowych w przypadku gdy przy przetwarzaniu danych osobowych Administrator narusza przepisy dotycz\u0105ce ochrony danych osobowych;<\/span><\/p>\n<p style=\"text-align: justify;\"><span style=\"color: #000000;\">Podanie danych osobowych jest dobrowolne, jednak\u017ce niezb\u0119dne do uczestnictwa w IMPREZIE INTEGRACYJNEJ \u201eDPS NIEMOJOWICE 11 WRZESIE\u0143 2019\u201d<\/span><\/p>\n<p style=\"text-align: justify;\"><span style=\"color: #000000;\">Wobec Uczestnik\u00f3w nie b\u0119d\u0105\u0328 podejmowane zautomatyzowane decyzje (decyzje bez udzia\u0142u cz\u0142owieka), w tym ich dane nie b\u0119d\u0105\u0328 podlega\u0142y profilowaniu.<\/span><\/p>\n","protected":false},"excerpt":{"rendered":"<p>KLAUZULA INFORMACYJNA DOTYCZ\u0104CA PRZETWARZANIA DANYCH OSOBOWYCH DLA UCZESTNIKO\u0301W IMPREZY INTEGRACYJNEJ \u201eDPS NIEMOJOWICE 11 WRZESIE\u0143 2019\u201d Zgodnie z art. 13 ust. 1 i 2 Rozporz\u0105dzenia Parlamentu Europejskiego i Rady (UE) 2016\/679 z dnia 27 kwietnia 2016 r. w sprawie ochrony os\u00f3b fizycznych w zwi\u0105zku z przetwarzaniem danych osobowych i w sprawie swobodnego przep\u0142ywu takich danych oraz [&hellip;]<\/p>\n","protected":false},"author":1,"featured_media":0,"parent":0,"menu_order":0,"comment_status":"open","ping_status":"open","template":"","meta":{"ngg_post_thumbnail":0},"_links":{"self":[{"href":"https:\/\/dpsniemojowice.pl\/2021\/wp-json\/wp\/v2\/pages\/2211"}],"collection":[{"href":"https:\/\/dpsniemojowice.pl\/2021\/wp-json\/wp\/v2\/pages"}],"about":[{"href":"https:\/\/dpsniemojowice.pl\/2021\/wp-json\/wp\/v2\/types\/page"}],"author":[{"embeddable":true,"href":"https:\/\/dpsniemojowice.pl\/2021\/wp-json\/wp\/v2\/users\/1"}],"replies":[{"embeddable":true,"href":"https:\/\/dpsniemojowice.pl\/2021\/wp-json\/wp\/v2\/comments?post=2211"}],"version-history":[{"count":8,"href":"https:\/\/dpsniemojowice.pl\/2021\/wp-json\/wp\/v2\/pages\/2211\/revisions"}],"predecessor-version":[{"id":2394,"href":"https:\/\/dpsniemojowice.pl\/2021\/wp-json\/wp\/v2\/pages\/2211\/revisions\/2394"}],"wp:attachment":[{"href":"https:\/\/dpsniemojowice.pl\/2021\/wp-json\/wp\/v2\/media?parent=2211"}],"curies":[{"name":"wp","href":"https:\/\/api.w.org\/{rel}","templated":true}]}}

DPS NIEMOJOWICE 11 WRZESIEŃ 2019

<p align="center"><span style="color: #000000;"><b>KLAUZULA INFORMACYJNA<br />
DOTYCZĄCA PRZETWARZANIA DANYCH OSOBOWYCH<br />
DLA UCZESTNIKÓW IMPREZY INTEGRACYJNEJ<br />
„DPS NIEMOJOWICE 11 WRZESIEŃ 2019”</b></span></p>
<p style="text-align: justify;"><span style="color: #000000;">Zgodnie z art. 13 ust. 1 i 2 Rozporządzenia Parlamentu Europejskiego i Rady (UE) 2016/679 z dnia 27 kwietnia 2016 r. w sprawie ochrony osób fizycznych w związku z przetwarzaniem danych osobowych i w sprawie swobodnego przepływu takich danych oraz uchylenia dyrektywy 95/46/WE (Dz. Urz. UE L 119/1 z 04.05.2016 r.), dalej jako „RODO”, informuję, że:</span></p>
<p style="text-align: justify;"><span style="color: #000000;">a)      Administratorem danych osobowych Uczestników, Organizatorem Imprezy  jest Dom Pomocy Społecznej w Niemojowicach z siedzibą przy Niemojowice 68, 26-330 Żarnów, woj. łódzkie reprezentowana przez Dyrektora.</span></p>
<p style="text-align: justify;"><span style="color: #000000;">b)      Uczestnikiem jest każda osoba fizyczna, która bierze udział w Imprezie, zapisze się na listę osób biorących udział w przygotowanych konkursach, grach zręcznościowych, quizach (zwana dalej „Uczestnikiem”).</span></p>
<p style="text-align: justify;"><span style="color: #000000;">c)      Inspektorem Ochrony Danych Osobowych w Poradni Psychologiczno-Pedagogicznej w Opocznie; jest Pani Anna Kaźmierczyk,  <span style="color: #000000;">iod@dpsniemojowice.pl</span>, +48 501 387 980</span></p>
<p style="text-align: justify;"><span style="color: #000000;">Przebieg Imprezy Integracyjnej, w tym wizerunek osób w niej uczestniczących, będzie utrwalany za pomocą̨ urządzeń́ rejestrujących obraz.</span></p>
<p style="text-align: justify;"><span style="color: #000000;">Biorąc udział w Programie <b>„Impreza Integracyjna DPS NIEMOJOWICE” </b>Uczestnik przyjmuje do wiadomości wykorzystanie, w tym rozpowszechnianie przez Dom Pomocy Społecznej w Niemojowicach jego wizerunku, utrwalonego w trakcie Wydarzenia za pomocą̨ urządzeń́ rejestrujących obraz i dźwięk, poprzez jego publikację w całości lub we fragmentach na:</span></p>
<p style="text-align: justify;"><span style="color: #000000;"><b>&#8211;  stronie internetowej  </b><a href="http://dpsniemojowice.pl/2021"><span style="color: #000000;"><b>www.dpsniemojowice.pl</b></span></a></span></p>
<p style="text-align: justify;"><span style="color: #000000;"><b>&#8211; </b><b>profilach społecznościowych Facebook DPS Drzewica</b></span></p>
<p style="text-align: justify;"><span style="color: #000000;">Dane osobowe Uczestników w postaci wizerunku przetwarzane będą̨ w celu informowania w mediach oraz publikacjach o działalności Administratora, na podstawie:</span></p>
<p style="text-align: justify;"><span style="color: #000000;">&#8211; art. 6 ust. 1 lit. a RODO, tj. zgody wyrażonej chęcią uczestnictwa w Imprezie po zapoznaniu się z przygotowaną klauzulą informacyjną i warunkach udziału.</span></p>
<p style="text-align: justify;"><span style="color: #000000;">Zgodnie z definicją danych osobowych zawartą w RODO, wizerunek jest uznawany za dane osobowe, dlatego też podlega ochronie na zasadach zawartych w tym akcie. Ponadto w oparciu o art. 81 ust. 2 ustawy o prawie autorskim zezwolenia nie wymaga rozpowszechnianie wizerunku:</span></p>
<p style="text-align: justify;"><span style="color: #000000;">&#8211; osoby powszechnie znanej, jeżeli wizerunek wykonano w związku z pełnieniem przez nią funkcji publicznych, w szczególności politycznych, społecznych, zawodowych (np. dyrektor, kierownik);</span></p>
<p style="text-align: justify;"><span style="color: #000000;">&#8211; osoby stanowiącej jedynie szczegół całości takiej jak zgromadzenie, krajobraz, publiczna impreza;</span></p>
<p style="text-align: justify;"><span style="color: #000000;">&#8211; osób uczestniczących w zgromadzeniu – zgrupowaniu co najmniej 15 osób zwołanym w celu wspólnych obrad lub wspólnego wyrażenia stanowiska;</span></p>
<p style="text-align: justify;"><span style="color: #000000;">&#8211; osób biorących udział w imprezie masowej – nie mniej niż 1000 osób w terenie otwartym i 300 osób w obiekcie.</span></p>
<p style="text-align: justify;"><span style="color: #000000;">Dane osobowe Uczestników biorących czynny udział w Imprezie obejmują dodatkowo:</span><span style="color: #000000;"><b><b> imię, nazwisko na listach uczestników konkursów.</b></b> </span></p>
<p style="text-align: justify;"><span style="color: #000000;">Odbiorcami danych osobowych będą̨ podmioty uprawnione do uzyskania danych osobowych na podstawie odrębnych przepisów prawa, upoważnieni pracownicy/współpracownicy Administratora, dostawcy usług technicznych  i organizacyjnych, oraz podmioty, którym Administrator powierzył przetwarzanie danych osobowych – z zachowaniem wszelkich gwarancji zapewniających bezpieczeństwo przekazywanych danych;</span></p>
<p style="text-align: justify;"><span style="color: #000000;">Dane osobowe Uczestników w postaci wizerunku nie będą̨ przekazywane do państw trzecich spoza Europejskiego Obszaru Gospodarczego;</span></p>
<p style="text-align: justify;"><span style="color: #000000;">Dane osobowe Uczestników przechowywane będą zgodnie z procedurami archiwalnymi DPS NIEMOJOWICE, w tym przetwarzane będą tylko w czasie trwania Wydarzenia  „IMPREZY INTEGRACYJNEJ &#8211; DPS NIEMOJOWICE 11 WRZESIEŃ 2019”.</span></p>
<p style="text-align: justify;"><span style="color: #000000;">Uczestnicy posiadają̨ prawo dostępu do treści swoich danych oraz prawo ich sprostowania, ograniczenia przetwarzania, prawo wniesienia sprzeciwu do przetwarzania danych</span></p>
<p style="text-align: justify;"><span style="color: #000000;">Uczestnikom przysługuje prawo wniesienia skargi do organu nadzorczego – Prezesa Urzędu Ochrony Danych Osobowych w przypadku gdy przy przetwarzaniu danych osobowych Administrator narusza przepisy dotyczące ochrony danych osobowych;</span></p>
<p style="text-align: justify;"><span style="color: #000000;">Podanie danych osobowych jest dobrowolne, jednakże niezbędne do uczestnictwa w IMPREZIE INTEGRACYJNEJ „DPS NIEMOJOWICE 11 WRZESIEŃ 2019”</span></p>
<p style="text-align: justify;"><span style="color: #000000;">Wobec Uczestników nie będą̨ podejmowane zautomatyzowane decyzje (decyzje bez udziału człowieka), w tym ich dane nie będą̨ podlegały profilowaniu.</span></p>

<p>KLAUZULA INFORMACYJNA DOTYCZĄCA PRZETWARZANIA DANYCH OSOBOWYCH DLA UCZESTNIKÓW IMPREZY INTEGRACYJNEJ „DPS NIEMOJOWICE 11 WRZESIEŃ 2019” Zgodnie z art. 13 ust. 1 i 2 Rozporządzenia Parlamentu Europejskiego i Rady (UE) 2016/679 z dnia 27 kwietnia 2016 r. w sprawie ochrony osób fizycznych w związku z przetwarzaniem danych osobowych i w sprawie swobodnego przepływu takich danych oraz [&hellip;]</p>
