{"id":2318,"date":"2019-12-12T07:45:49","date_gmt":"2019-12-12T07:45:49","guid":{"rendered":"http:\/\/dpsniemojowice.pl\/2021\/?page_id=2318"},"modified":"2020-01-02T21:22:51","modified_gmt":"2020-01-02T21:22:51","slug":"klauzula-stazysci-praktykanci","status":"publish","type":"page","link":"https:\/\/dpsniemojowice.pl\/2021\/klauzula-stazysci-praktykanci\/","title":{"rendered":"Klauzula sta\u017cy\u015bci \/ praktykanci"},"content":{"rendered":"<p align=\"center\"><span style=\"color: #000000;\"><b>Klauzula informacyjna dotycz\u0105ca ochrony danych osobowych<br \/>\ndla Sta\u017cyst\u00f3w \/ Praktykant\u00f3w<br \/>\nw Domu Pomocy Spo\u0142ecznej w Niemojowicach<\/b><\/span><\/p>\n<p align=\"center\"><span style=\"color: #000000;\"><b>\u00a0<\/b><\/span><\/p>\n<p align=\"center\"><span style=\"color: #000000;\"><b>\u00a0<\/b><\/span><\/p>\n<p style=\"text-align: justify;\"><span style=\"color: #000000;\"><b>Na podstawie art. 13 ust. 1 i ust. 2 Rozporz\u0105dzenia Parlamentu Europejskiego i Rady (UE) 2016\/679 z 27 kwietnia 2016 r. w sprawie ochrony os\u00f3b fizycznych w zwi\u0105zku z przetwarzaniem danych osobowych i w sprawie swobodnego przep\u0142ywu takich danych oraz uchylenia dyrektywy 95\/46\/WE (og\u00f3lne rozporz\u0105dzenie o ochronie danych osobowych) (Dz. Urz. UE. L. z 2016r. Nr 119, stron.1) (dalej jako: \u201eRODO\u201d), informujemy Pa\u0144stwo o sposobie i celu, w jakim przetwarzamy Pa\u0144stwa dane osobowe, a tak\u017ce o przys\u0142uguj\u0105cych Pa\u0144stwu prawach, wynikaj\u0105cych z regulacji o ochronie danych osobowych: <\/b><\/span><\/p>\n<p><span style=\"color: #000000;\"><b>\u00a0<\/b><\/span><\/p>\n<p><span style=\"color: #000000;\">\u00a0<\/span><\/p>\n<ol start=\"1\">\n<li><span style=\"color: #000000;\">Administratorem Pa\u0144stwa danych osobowych jest <b>Dom Pomocy Spo\u0142ecznej w Niemojowicach z siedzib\u0105 przy Niemojowice 68, 26-330 \u017barn\u00f3w,\u00a0 woj. \u0142\u00f3dzkie reprezentowany przez Dyrektora. <\/b><\/span><\/li>\n<li><span style=\"color: #000000;\">Inspektorem Ochrony Danych (IOD) w <strong>Domu<\/strong> <b>Pomocy Spo\u0142ecznej w Niemojowicach<\/b><b>\u00a0 <\/b>jest\u00a0Pani\u00a0Anna Ka\u017amierczyk,\u00a0\u00a0iod@dpsniemojowice.pl, +48\u00a0501 387 980<\/span><\/li>\n<li><span style=\"color: #000000;\">Pani\/Pana dane osobowe przetwarzane s\u0105 w celu\/celach:\u00a0<\/span><\/li>\n<\/ol>\n<ul>\n<li><span style=\"color: #000000;\"><i>wype\u0142nienia obowi\u0105zku prawnego ci\u0105\u017c\u0105cego na Administratorze (art. 6 ust. 1 lit. c RODO) \u2013<\/i> <i>przetwarzanie jest niezb\u0119dne do wype\u0142nienia obowi\u0105zku prawnego ci\u0105\u017c\u0105cego na administratorze,\u00a0<\/i><i>w tym w zwi\u0105zku ustaw\u0105 o promocji zatrudnienia i instytucjach rynku pracy oraz Rozporz\u0105dzenie Ministra Edukacji Narodowej w sprawie praktycznej nauki zawodu.<\/i><\/span><\/li>\n<li><span style=\"color: #000000;\"><i>wype\u0142nienia obowi\u0105zk\u00f3w prawnych ci\u0105\u017c\u0105cych na Administratorze \u00a0(art. 6 ust. 1 lit. e RODO), \u00a0przetwarzanie jest niezb\u0119dne do wykonania zadania realizowanego w interesie publicznym lub w ramach sprawowania w\u0142adzy publicznej powierzonej administratorowi.<\/i><\/span><\/li>\n<li><span style=\"color: #000000;\"><i>realizacji zawartych um\u00f3w (art. 6 ust. 1 lit. b RODO), \u015bwiadczenia us\u0142ug, prawid\u0142owej realizacji umowy na odbycie sta\u017cu\/ praktyki.<\/i><\/span><\/li>\n<\/ul>\n<p><span style=\"color: #000000;\"><i>\u00a0<\/i>w pozosta\u0142ych przypadkach Pa\u0144stwa dane osobowe przetwarzane s\u0105 wy\u0142\u0105cznie na podstawie udzielonej zgody w zakresie i celu okre\u015blonym w tre\u015bci zgody (art. 6 ust. 1 lit. a RODO).<\/span><\/p>\n<ol start=\"4\">\n<li><span style=\"color: #000000;\">Podstaw\u0105 prawn\u0105 przetwarzania Pa\u0144stwa danych osobowych s\u0105 obowi\u0105zuj\u0105ce przepisy prawa, zawarta umowa lub udzielona przez Pa\u0144stwo zgoda.<\/span><\/li>\n<li><span style=\"color: #000000;\">Z danych osobowych b\u0119dziemy korzysta\u0107 do momentu zako\u0144czenia realizacji cel\u00f3w okre\u015blonych w pkt 3, a po tym czasie przez okres oraz w zakresie wymaganym przez przepisy powszechnie obowi\u0105zuj\u0105cego prawa.<\/span><\/li>\n<li><span style=\"color: #000000;\">Pa\u0144stwa dane mog\u0105 zosta\u0107 przekazane organom w\u0142adzy publicznej oraz podmiotom wykonuj\u0105cym zadania publiczne lub dzia\u0142aj\u0105cych na zlecenie organ\u00f3w w\u0142adzy publicznej, w zakresie i w celach, kt\u00f3re wynikaj\u0105 z przepis\u00f3w powszechnie obowi\u0105zuj\u0105cego prawa, innym podmiotom, kt\u00f3re na podstawie stosownych um\u00f3w podpisanych z Domem Pomocy Spo\u0142ecznej w Niemojowicach, przetwarzaj\u0105 dane osobowe, dla kt\u00f3rych Administratorem jest DPS.<\/span><\/li>\n<li><span style=\"color: #000000;\">Pa\u0144stwa dane nie b\u0119d\u0105 przetwarzane w spos\u00f3b zautomatyzowany i nie b\u0119d\u0105 podlega\u0107 profilowaniu.<\/span><\/li>\n<li><span style=\"color: #000000;\">Pa\u0144stwa dane nie trafi\u0105 poza Europejski Obszar Gospodarczy (obejmuj\u0105cy Uni\u0119 Europejsk\u0105, Norwegi\u0119, Liechtenstein i Islandi\u0119).<\/span><\/li>\n<li><span style=\"color: #000000;\">W zwi\u0105zku z przetwarzaniem Pa\u0144stwa danych osobowych, przys\u0142uguj\u0105 Pa\u0144stwu nast\u0119puj\u0105ce prawa:<\/span><\/li>\n<\/ol>\n<ul>\n<li><span style=\"color: #000000;\">prawo dost\u0119pu do danych osobowych,<\/span><\/li>\n<li><span style=\"color: #000000;\">prawo \u017c\u0105dania sprostowania\/poprawienia danych osobowych,<\/span><\/li>\n<li><span style=\"color: #000000;\">prawo \u017c\u0105dania usuni\u0119cia danych osobowych przetwarzanych bezpodstawnie; informujemy, \u017ce w zakresie, w jakim Pa\u0144stwa dane s\u0105 przetwarzane na podstawie zgody maj\u0105 Pa\u0144stwo prawo wycofania zgody na przetwarzanie danych w dowolnym momencie,<\/span><\/li>\n<li><span style=\"color: #000000;\">prawo \u017c\u0105dania ograniczenia przetwarzania danych osobowych,<\/span><\/li>\n<li><span style=\"color: #000000;\">prawo wyra\u017cenia sprzeciwu wobec przetwarzania Pa\u0144stwa danych osobowych ze wzgl\u0119du na Pa\u0144stwa szczeg\u00f3ln\u0105 sytuacj\u0119 \u2013 w przypadkach, gdy przetwarzamy dane na podstawie naszego prawnie usprawiedliwionego interesu,<\/span><\/li>\n<li><span style=\"color: #000000;\">prawo do przenoszenia Pa\u0144stwa danych osobowych, tj. prawo otrzymania od nas swoich danych osobowych; prawo do przenoszenia danych osobowych przys\u0142uguje tylko co do tych danych, kt\u00f3re przetwarzamy na podstawie Pa\u0144stwa zgody,<\/span><\/li>\n<li><span style=\"color: #000000;\">prawo wniesienia skargi do organu nadzorczego \u2013 Prezesa Urz\u0119du Ochrony Danych Osobowych, gdy uznaj\u0105 Pa\u0144stwo, i\u017c przetwarzanie danych osobowych narusza przepisy og\u00f3lnego rozporz\u0105dzenia o ochronie danych osobowych.<\/span><\/li>\n<\/ul>\n<ol start=\"10\">\n<li><span style=\"color: #000000;\">W przypadku, gdy przetwarzanie danych osobowych odbywa si\u0119 na podstawie zgody osoby na przetwarzanie danych osobowych (art. 6 ust. 1 lit a RODO), przys\u0142uguje Pa\u0144stwu prawo do cofni\u0119cia tej zgody w dowolnym momencie. Cofni\u0119cie to nie ma wp\u0142ywu na zgodno\u015b\u0107 przetwarzania, kt\u00f3rego dokonano na podstawie zgody przed jej cofni\u0119ciem, z obowi\u0105zuj\u0105cym prawem.<\/span><\/li>\n<li><span style=\"color: #000000;\">W sytuacji, gdy przetwarzanie danych osobowych odbywa si\u0119 na podstawie zgody osoby, kt\u00f3rej dane dotycz\u0105, podanie przez Pa\u0144stwo danych osobowych Administratorowi ma charakter dobrowolny.<\/span><\/li>\n<li><span style=\"color: #000000;\">Podanie danych osobowych jest dobrowolne, jednak jest warunkiem umo\u017cliwiaj\u0105cym ubieganie si\u0119 o przyj\u0119cie na sta\u017c\/praktyk\u0119 w Domu Pomocy Spo\u0142ecznej w Niemojowicach.<\/span><\/li>\n<\/ol>\n<p><span style=\"color: #000000;\">\u00a0<\/span><\/p>\n<p><span style=\"color: #000000;\">Zasady maj\u0105 zastosowanie od 25 maja 2018 r., tj. od dnia rozpocz\u0119cia stosowania RODO.<\/span><\/p>\n<p><span style=\"color: #000000;\">\u00a0<\/span><\/p>\n<p><span style=\"color: #000000;\">Przekazywane informacje s\u0105 zgodne z unijnymi przepisami dotycz\u0105cymi przetwarzania danych osobowych (Rozporz\u0105dzenie Parlamentu Europejskiego i Rady (UE) 2016\/679 \u2013 tzw. RODO).<\/span><\/p>\n<p><span style=\"color: #000000;\">\u00a0<\/span><\/p>\n<p><span style=\"color: #000000;\">\u00a0<\/span><\/p>\n<p align=\"center\"><span style=\"color: #000000;\"><b>Jednocze\u015bnie podkre\u015blamy, \u017ce ochrona prywatno\u015bci, w tym danych osobowych jest dla nas jednym z najwy\u017cszych priorytet\u00f3w.<\/b><\/span><\/p>\n<p><span style=\"color: #000000;\"><b>\u00a0<\/b><\/span><\/p>\n","protected":false},"excerpt":{"rendered":"<p>Klauzula informacyjna dotycz\u0105ca ochrony danych osobowych dla Sta\u017cyst\u00f3w \/ Praktykant\u00f3w w Domu Pomocy Spo\u0142ecznej w Niemojowicach \u00a0 \u00a0 Na podstawie art. 13 ust. 1 i ust. 2 Rozporz\u0105dzenia Parlamentu Europejskiego i Rady (UE) 2016\/679 z 27 kwietnia 2016 r. w sprawie ochrony os\u00f3b fizycznych w zwi\u0105zku z przetwarzaniem danych osobowych i w sprawie swobodnego przep\u0142ywu [&hellip;]<\/p>\n","protected":false},"author":1,"featured_media":0,"parent":0,"menu_order":0,"comment_status":"open","ping_status":"open","template":"","meta":{"ngg_post_thumbnail":0},"_links":{"self":[{"href":"https:\/\/dpsniemojowice.pl\/2021\/wp-json\/wp\/v2\/pages\/2318"}],"collection":[{"href":"https:\/\/dpsniemojowice.pl\/2021\/wp-json\/wp\/v2\/pages"}],"about":[{"href":"https:\/\/dpsniemojowice.pl\/2021\/wp-json\/wp\/v2\/types\/page"}],"author":[{"embeddable":true,"href":"https:\/\/dpsniemojowice.pl\/2021\/wp-json\/wp\/v2\/users\/1"}],"replies":[{"embeddable":true,"href":"https:\/\/dpsniemojowice.pl\/2021\/wp-json\/wp\/v2\/comments?post=2318"}],"version-history":[{"count":5,"href":"https:\/\/dpsniemojowice.pl\/2021\/wp-json\/wp\/v2\/pages\/2318\/revisions"}],"predecessor-version":[{"id":2398,"href":"https:\/\/dpsniemojowice.pl\/2021\/wp-json\/wp\/v2\/pages\/2318\/revisions\/2398"}],"wp:attachment":[{"href":"https:\/\/dpsniemojowice.pl\/2021\/wp-json\/wp\/v2\/media?parent=2318"}],"curies":[{"name":"wp","href":"https:\/\/api.w.org\/{rel}","templated":true}]}}

Klauzula stażyści / praktykanci

<p align="center"><span style="color: #000000;"><b>Klauzula informacyjna dotycząca ochrony danych osobowych<br />
dla Stażystów / Praktykantów<br />
w Domu Pomocy Społecznej w Niemojowicach</b></span></p>
<p align="center"><span style="color: #000000;"><b> </b></span></p>
<p align="center"><span style="color: #000000;"><b> </b></span></p>
<p style="text-align: justify;"><span style="color: #000000;"><b>Na podstawie art. 13 ust. 1 i ust. 2 Rozporządzenia Parlamentu Europejskiego i Rady (UE) 2016/679 z 27 kwietnia 2016 r. w sprawie ochrony osób fizycznych w związku z przetwarzaniem danych osobowych i w sprawie swobodnego przepływu takich danych oraz uchylenia dyrektywy 95/46/WE (ogólne rozporządzenie o ochronie danych osobowych) (Dz. Urz. UE. L. z 2016r. Nr 119, stron.1) (dalej jako: „RODO”), informujemy Państwo o sposobie i celu, w jakim przetwarzamy Państwa dane osobowe, a także o przysługujących Państwu prawach, wynikających z regulacji o ochronie danych osobowych: </b></span></p>
<p><span style="color: #000000;"><b> </b></span></p>
<p><span style="color: #000000;"> </span></p>
<ol start="1">
<li><span style="color: #000000;">Administratorem Państwa danych osobowych jest <b>Dom Pomocy Społecznej w Niemojowicach z siedzibą przy Niemojowice 68, 26-330 Żarnów,  woj. łódzkie reprezentowany przez Dyrektora. </b></span></li>
<li><span style="color: #000000;">Inspektorem Ochrony Danych (IOD) w <strong>Domu</strong> <b>Pomocy Społecznej w Niemojowicach</b><b>  </b>jest Pani Anna Kaźmierczyk,  iod@dpsniemojowice.pl, +48 501 387 980</span></li>
<li><span style="color: #000000;">Pani/Pana dane osobowe przetwarzane są w celu/celach: </span></li>
</ol>
<ul>
<li><span style="color: #000000;"><i>wypełnienia obowiązku prawnego ciążącego na Administratorze (art. 6 ust. 1 lit. c RODO) –</i> <i>przetwarzanie jest niezbędne do wypełnienia obowiązku prawnego ciążącego na administratorze, </i><i>w tym w związku ustawą o promocji zatrudnienia i instytucjach rynku pracy oraz Rozporządzenie Ministra Edukacji Narodowej w sprawie praktycznej nauki zawodu.</i></span></li>
<li><span style="color: #000000;"><i>wypełnienia obowiązków prawnych ciążących na Administratorze  (art. 6 ust. 1 lit. e RODO),  przetwarzanie jest niezbędne do wykonania zadania realizowanego w interesie publicznym lub w ramach sprawowania władzy publicznej powierzonej administratorowi.</i></span></li>
<li><span style="color: #000000;"><i>realizacji zawartych umów (art. 6 ust. 1 lit. b RODO), świadczenia usług, prawidłowej realizacji umowy na odbycie stażu/ praktyki.</i></span></li>
</ul>
<p><span style="color: #000000;"><i> </i>w pozostałych przypadkach Państwa dane osobowe przetwarzane są wyłącznie na podstawie udzielonej zgody w zakresie i celu określonym w treści zgody (art. 6 ust. 1 lit. a RODO).</span></p>
<ol start="4">
<li><span style="color: #000000;">Podstawą prawną przetwarzania Państwa danych osobowych są obowiązujące przepisy prawa, zawarta umowa lub udzielona przez Państwo zgoda.</span></li>
<li><span style="color: #000000;">Z danych osobowych będziemy korzystać do momentu zakończenia realizacji celów określonych w pkt 3, a po tym czasie przez okres oraz w zakresie wymaganym przez przepisy powszechnie obowiązującego prawa.</span></li>
<li><span style="color: #000000;">Państwa dane mogą zostać przekazane organom władzy publicznej oraz podmiotom wykonującym zadania publiczne lub działających na zlecenie organów władzy publicznej, w zakresie i w celach, które wynikają z przepisów powszechnie obowiązującego prawa, innym podmiotom, które na podstawie stosownych umów podpisanych z Domem Pomocy Społecznej w Niemojowicach, przetwarzają dane osobowe, dla których Administratorem jest DPS.</span></li>
<li><span style="color: #000000;">Państwa dane nie będą przetwarzane w sposób zautomatyzowany i nie będą podlegać profilowaniu.</span></li>
<li><span style="color: #000000;">Państwa dane nie trafią poza Europejski Obszar Gospodarczy (obejmujący Unię Europejską, Norwegię, Liechtenstein i Islandię).</span></li>
<li><span style="color: #000000;">W związku z przetwarzaniem Państwa danych osobowych, przysługują Państwu następujące prawa:</span></li>
</ol>
<ul>
<li><span style="color: #000000;">prawo dostępu do danych osobowych,</span></li>
<li><span style="color: #000000;">prawo żądania sprostowania/poprawienia danych osobowych,</span></li>
<li><span style="color: #000000;">prawo żądania usunięcia danych osobowych przetwarzanych bezpodstawnie; informujemy, że w zakresie, w jakim Państwa dane są przetwarzane na podstawie zgody mają Państwo prawo wycofania zgody na przetwarzanie danych w dowolnym momencie,</span></li>
<li><span style="color: #000000;">prawo żądania ograniczenia przetwarzania danych osobowych,</span></li>
<li><span style="color: #000000;">prawo wyrażenia sprzeciwu wobec przetwarzania Państwa danych osobowych ze względu na Państwa szczególną sytuację – w przypadkach, gdy przetwarzamy dane na podstawie naszego prawnie usprawiedliwionego interesu,</span></li>
<li><span style="color: #000000;">prawo do przenoszenia Państwa danych osobowych, tj. prawo otrzymania od nas swoich danych osobowych; prawo do przenoszenia danych osobowych przysługuje tylko co do tych danych, które przetwarzamy na podstawie Państwa zgody,</span></li>
<li><span style="color: #000000;">prawo wniesienia skargi do organu nadzorczego – Prezesa Urzędu Ochrony Danych Osobowych, gdy uznają Państwo, iż przetwarzanie danych osobowych narusza przepisy ogólnego rozporządzenia o ochronie danych osobowych.</span></li>
</ul>
<ol start="10">
<li><span style="color: #000000;">W przypadku, gdy przetwarzanie danych osobowych odbywa się na podstawie zgody osoby na przetwarzanie danych osobowych (art. 6 ust. 1 lit a RODO), przysługuje Państwu prawo do cofnięcia tej zgody w dowolnym momencie. Cofnięcie to nie ma wpływu na zgodność przetwarzania, którego dokonano na podstawie zgody przed jej cofnięciem, z obowiązującym prawem.</span></li>
<li><span style="color: #000000;">W sytuacji, gdy przetwarzanie danych osobowych odbywa się na podstawie zgody osoby, której dane dotyczą, podanie przez Państwo danych osobowych Administratorowi ma charakter dobrowolny.</span></li>
<li><span style="color: #000000;">Podanie danych osobowych jest dobrowolne, jednak jest warunkiem umożliwiającym ubieganie się o przyjęcie na staż/praktykę w Domu Pomocy Społecznej w Niemojowicach.</span></li>
</ol>
<p><span style="color: #000000;"> </span></p>
<p><span style="color: #000000;">Zasady mają zastosowanie od 25 maja 2018 r., tj. od dnia rozpoczęcia stosowania RODO.</span></p>
<p><span style="color: #000000;"> </span></p>
<p><span style="color: #000000;">Przekazywane informacje są zgodne z unijnymi przepisami dotyczącymi przetwarzania danych osobowych (Rozporządzenie Parlamentu Europejskiego i Rady (UE) 2016/679 – tzw. RODO).</span></p>
<p><span style="color: #000000;"> </span></p>
<p><span style="color: #000000;"> </span></p>
<p align="center"><span style="color: #000000;"><b>Jednocześnie podkreślamy, że ochrona prywatności, w tym danych osobowych jest dla nas jednym z najwyższych priorytetów.</b></span></p>
<p><span style="color: #000000;"><b> </b></span></p>

<p>Klauzula informacyjna dotycząca ochrony danych osobowych dla Stażystów / Praktykantów w Domu Pomocy Społecznej w Niemojowicach     Na podstawie art. 13 ust. 1 i ust. 2 Rozporządzenia Parlamentu Europejskiego i Rady (UE) 2016/679 z 27 kwietnia 2016 r. w sprawie ochrony osób fizycznych w związku z przetwarzaniem danych osobowych i w sprawie swobodnego przepływu [&hellip;]</p>
