{"id":2324,"date":"2019-12-12T07:52:28","date_gmt":"2019-12-12T07:52:28","guid":{"rendered":"http:\/\/dpsniemojowice.pl\/2021\/?page_id=2324"},"modified":"2020-01-02T21:23:52","modified_gmt":"2020-01-02T21:23:52","slug":"klauzula-mieszkancy","status":"publish","type":"page","link":"https:\/\/dpsniemojowice.pl\/2021\/klauzula-mieszkancy\/","title":{"rendered":"Klauzula &#8211; mieszka\u0144cy"},"content":{"rendered":"<p align=\"center\"><b><span style=\"text-decoration: underline;\">Klauzula informacyjna dla Mieszka\u0144c\u00f3w<\/span><\/b><\/p>\n<p align=\"center\"><b><span style=\"text-decoration: underline;\">w Domu Pomocy Spo\u0142ecznej w Niemojowicach<\/span><\/b><\/p>\n<p>&nbsp;<\/p>\n<p>Zgodnie z art. 13 rozporz\u0105dzenia Parlamentu Europejskiego i Rady UE 2016\/679 z dnia 27 kwietnia \u00a02016r. w sprawie ochrony os\u00f3b fizycznych w zwi\u0105zku z przetwarzaniem danych osobowych i w sprawie swobodnego przep\u0142ywu takich danych oraz uchylenia dyrektywy 95\/46\/WE (og\u00f3lne rozporz\u0105dzenie o ochronie danych osobowych) \u2013 zwanego dalej RODO informuj\u0119, i\u017c:<\/p>\n<p>Administratorem danych osobowych jest <b>Domu Pomocy Spo\u0142ecznej w Niemojowicach z siedzib\u0105 przy Niemojowice 68, 26-330 \u017barn\u00f3w, woj. \u0142\u00f3dzkie <\/b>reprezentowany przez <b>Dyrektora.<\/b><\/p>\n<p>Inspektorem Ochrony Danych (IOD) w <strong>Domu<\/strong> <b>Pomocy Spo\u0142ecznej w Niemojowicach<\/b><b>\u00a0 <\/b>jest\u00a0Pani\u00a0Anna Ka\u017amierczyk,\u00a0\u00a0iod@dpsniemojowice.pl, +48\u00a0501 387 980.<\/p>\n<p>Dane osobowe s\u0105 przetwarzane na podstawie:<\/p>\n<p>a)\u00a0\u00a0\u00a0\u00a0\u00a0 art. 6 ust. 1 lit. c RODO, tj. gdy przetwarzanie jest niezb\u0119dne do wype\u0142nienia obowi\u0105zku prawnego ci\u0105\u017c\u0105cego na plac\u00f3wce, w tym ustawy z dnia 12 marca 2004r. o pomocy spo\u0142ecznej<\/p>\n<p>(Dz. U. Nr 64, poz. 593) z p\u00f3\u017an. zm., Rozporz\u0105dzenia Ministra Pracy i Polityki Socjalnej z dnia 19 pa\u017adziernika 2005r. w sprawie dom\u00f3w pomocy spo\u0142ecznej (Dz. U. z 2005 r. Nr 217, poz.1837), Ustawy z dnia 19 sierpnia 1994r o ochronie zdrowia psychicznego (Dz. U. Nr 111 poz. 535) z p\u00f3\u017an. zm, w zwi\u0105zku z realizacj\u0105 cel\u00f3w statutowych, w tym realizacji decyzji Wojewody \u0141\u00f3dzkiego\u00a0 z dnia 16 listopada 2012r. oraz z dnia 8 grudnia 2014r. o wydanie zezwolenia na prowadzenie Domu Pomocy Spo\u0142ecznej dla os\u00f3b przewlekle somatycznie chorych oraz w podesz\u0142ym wieku, oraz obowi\u0105zuj\u0105cego regulaminu organizacyjnego DPS w Niemojowicach.<\/p>\n<p>b)\u00a0\u00a0\u00a0\u00a0\u00a0 art. 6 ust. 1 lit. e RODO, tj. przetwarzanie pozostaje w zwi\u0105zku z realizacj\u0105 przez DPS zada\u0144 w interesie publicznym takich jak umo\u017cliwienie mieszka\u0144com zar\u00f3wno pobytu sta\u0142ego, jak i\u00a0 czasowego \u2013 zapewniaj\u0105c ca\u0142odobow\u0105 opiek\u0119 oraz zaspakaja niezb\u0119dne potrzeby bytowe, spo\u0142eczne i religijne w formach i zakresie wynikaj\u0105cym z indywidualnych potrzeb;<\/p>\n<p>c)\u00a0\u00a0\u00a0\u00a0\u00a0 Art. 9 ust. 2 lit. h RODO w celu \u015bwiadczenia opieki piel\u0119gniarskiej i profilaktyki zdrowia.<\/p>\n<p>d)\u00a0\u00a0\u00a0\u00a0\u00a0 art. 6 ust. 1 lit. a i art. 9 ust. 2 lit. a RODO, tj. na podstawie zgody udzielonej w celach okre\u015blonych ka\u017cdorazowo w przekazywanych formularzach zgody, w tym w celu promowania dzia\u0142alno\u015bci plac\u00f3wki oraz osi\u0105gni\u0119\u0107 i umiej\u0119tno\u015bci mieszka\u0144c\u00f3w, a tak\u017ce w celu zapewnienia udzia\u0142u w zaj\u0119ciach dodatkowych;<\/p>\n<p>Odbiorcami danych osobowych b\u0119d\u0105 tylko i wy\u0142\u0105cznie upowa\u017cnieni pracownicy DPS, podmioty kt\u00f3rym nale\u017cy udost\u0119pni\u0107 dane osobowe na podstawie przepis\u00f3w prawa, a tak\u017ce te, kt\u00f3rym dane zostan\u0105<\/p>\n<p>powierzone do zrealizowania cel\u00f3w przetwarzania.<\/p>\n<p>Administrator przechowuje dane osobowe przez czas niezb\u0119dny do realizacji zada\u0144 wynikaj\u0105cych z ustawy o systemie o\u015bwiaty, na podstawie obowi\u0105zuj\u0105cej litery prawa.<\/p>\n<p>Maj\u0105 Pa\u0144stwo prawo \u017c\u0105dania od Administratora dost\u0119pu do swoich danych osobowych, ich<\/p>\n<p>sprostowania, ograniczenia przetwarzania, prawo do niesienia sprzeciwu wobec przetwarzania przy<\/p>\n<p>uwzgl\u0119dnieniu przepis\u00f3w szczeg\u00f3\u0142owych.<\/p>\n<p>Maj\u0105 Pa\u0144stwo prawo wnie\u015b\u0107 skarg\u0119 do organu nadzorczego, kt\u00f3rym jest Prezes Urz\u0119du Ochrony<\/p>\n<p>Danych Osobowych, je\u015bli uznaj\u0105 Pa\u0144stwo, i\u017c przetwarzanie przez Administratora Pa\u0144stwa danych<\/p>\n<p>osobowych narusza przepisy dot. ochrony danych osobowych.<\/p>\n<p>Podanie danych osobowych jest wymogiem ustawowym, w celu realizacji obowi\u0105zku statutowego DPS. Niepodanie danych skutkuje nie mo\u017cliwo\u015bci\u0105 uzyskania statutu mieszka\u0144ca.<\/p>\n<p>Informujemy, \u017ce gromadzone dane osobowe nie s\u0105 profilowane, przekazywane ani udost\u0119pniane organizacjom mi\u0119dzynarodowym.<\/p>\n<p>&nbsp;<\/p>\n<p>&nbsp;<\/p>\n<p align=\"center\"><span style=\"text-decoration: underline;\">Jednocze\u015bnie podkre\u015blamy, \u017ce ochrona prywatno\u015bci, w tym danych osobowych jest dla nas jednym z najwy\u017cszych priorytet\u00f3w.<\/span><\/p>\n","protected":false},"excerpt":{"rendered":"<p>Klauzula informacyjna dla Mieszka\u0144c\u00f3w w Domu Pomocy Spo\u0142ecznej w Niemojowicach &nbsp; Zgodnie z art. 13 rozporz\u0105dzenia Parlamentu Europejskiego i Rady UE 2016\/679 z dnia 27 kwietnia \u00a02016r. w sprawie ochrony os\u00f3b fizycznych w zwi\u0105zku z przetwarzaniem danych osobowych i w sprawie swobodnego przep\u0142ywu takich danych oraz uchylenia dyrektywy 95\/46\/WE (og\u00f3lne rozporz\u0105dzenie o ochronie danych osobowych) [&hellip;]<\/p>\n","protected":false},"author":1,"featured_media":0,"parent":0,"menu_order":0,"comment_status":"open","ping_status":"open","template":"","meta":{"ngg_post_thumbnail":0},"_links":{"self":[{"href":"https:\/\/dpsniemojowice.pl\/2021\/wp-json\/wp\/v2\/pages\/2324"}],"collection":[{"href":"https:\/\/dpsniemojowice.pl\/2021\/wp-json\/wp\/v2\/pages"}],"about":[{"href":"https:\/\/dpsniemojowice.pl\/2021\/wp-json\/wp\/v2\/types\/page"}],"author":[{"embeddable":true,"href":"https:\/\/dpsniemojowice.pl\/2021\/wp-json\/wp\/v2\/users\/1"}],"replies":[{"embeddable":true,"href":"https:\/\/dpsniemojowice.pl\/2021\/wp-json\/wp\/v2\/comments?post=2324"}],"version-history":[{"count":4,"href":"https:\/\/dpsniemojowice.pl\/2021\/wp-json\/wp\/v2\/pages\/2324\/revisions"}],"predecessor-version":[{"id":2400,"href":"https:\/\/dpsniemojowice.pl\/2021\/wp-json\/wp\/v2\/pages\/2324\/revisions\/2400"}],"wp:attachment":[{"href":"https:\/\/dpsniemojowice.pl\/2021\/wp-json\/wp\/v2\/media?parent=2324"}],"curies":[{"name":"wp","href":"https:\/\/api.w.org\/{rel}","templated":true}]}}